et h(i) = -i**3 + 52*i**2 + 44*i + 1288. Determine h(52).
3576
Let v(j) = -11*j**2 - 1722*j - 1492. Determine v(-157).
-2277
Let n(s) = -4334*s - 8934. Give n(-2).
-266
Let a(y) = -y**3 - 190*y**2 + 2733*y - 70101. Give a(-205).
9
Let g(c) = 27*c**2 + 153*c - 892. Give g(6).
998
Let r(a) = -3*a**3 - 4*a**2 + 135*a - 227. Give r(2).
3
Let z(m) = 11*m**2 - 68846*m - 20. Determine z(0).
-20
Let l(m) = -m**2 + 550769*m - 5507595. What is l(10)?
-5
Let m(n) = 3162*n - 67724. What is m(22)?
1840
Let b(v) = 16285*v + 244322. Calculate b(-15).
47
Let d(u) = 365*u + 34639. Determine d(-95).
-36
Let g(n) = 22*n**3 + 332*n**2 - 226*n - 3532. Give g(-15).
308
Let c(d) = -40*d + 508. What is c(-12)?
988
Let z(w) = 298*w**2 + 422*w - 424. What is z(1)?
296
Let d(b) = -b**3 - 129*b**2 - 263*b - 1189. Determine d(-127).
-46
Let h(g) = -4267*g + 85333. Give h(20).
-7
Let s(p) = p**2 + 9*p - 2187. Calculate s(-55).
343
Let z(f) = -5*f**3 + 210*f**2 - 1208*f - 596. Give z(35).
-1
Let i(n) = -7598*n + 7962703. Give i(1048).
-1
Let j(z) = 2*z**3 + 37*z**2 + 130*z + 12. Give j(-14).
-44
Let j(d) = 9*d**2 + 496*d + 64. What is j(-57)?
1033
Let h(r) = -106*r**3 - 166*r**2 + 176*r - 7. Determine h(1).
-103
Let x(v) = -6237033*v + 31185164. What is x(5)?
-1
Let s(o) = 312595*o + 1875579. Give s(-6).
9
Let u(m) = -190*m**3 + 1523*m**2 - 24*m + 11. Calculate u(8).
11
Let t(o) = 36*o**2 + 649*o + 2621. What is t(-4)?
601
Let z(v) = 5467*v + 59873. Calculate z(-11).
-264
Let u(t) = t**3 + 50*t**2 - 78*t - 67. Give u(-52).
-1419
Let y(t) = 47*t**2 + 117*t - 392. Calculate y(3).
382
Let g(o) = -3*o**3 + 207*o**2 + 229*o - 241. Calculate g(70).
1089
Let c(f) = -27026*f - 270267. What is c(-10)?
-7
Let u(w) = -w**3 + 271*w**2 + 456*w - 49966. What is u(272)?
82
Let i(d) = d**2 + 225*d + 12202. Calculate i(-92).
-34
Let w(j) = 3557*j + 3541. Determine w(-1).
-16
Let f(n) = -2038*n + 120210. Calculate f(59).
-32
Let l(y) = 7*y**3 - 8*y**2 + 6563*y - 19698. What is l(3)?
108
Let g(c) = 5*c**2 + 510*c + 3902. Calculate g(-92).
-698
Let k(x) = -x**3 - 740*x**2 - 38*x - 1129320. Calculate k(-742).
4
Let s(l) = 2010*l**3 - 6*l**2 - 12*l - 9. Give s(-1).
-2013
Let y(j) = -87*j**3 - 35*j**2 + 3*j - 11. What is y(2)?
-841
Let n(t) = 872*t + 593. Give n(-1).
-279
Let w(q) = 4*q**2 + 72*q - 2109. Determine w(-38).
931
Let w(f) = 8*f**2 + 3711*f - 26269. Give w(7).
100
Let o(u) = 637*u**2 - 3*u + 11. Give o(0).
11
Let r(d) = -10*d**2 + 11196*d + 33683. Determine r(-3).
5
Let i(w) = -1072*w + 10735. Give i(10).
15
Let w(n) = -14483*n - 14357. Determine w(-1).
126
Let r(d) = d**3 + 469*d**2 - 11820*d - 285. What is r(24)?
3
Let z(t) = 6277*t - 75281. Give z(12).
43
Let b(s) = -51*s**3 + 78*s**2 + 1623*s - 210. Give b(-5).
0
Let f(g) = g**2 + 4265*g - 1081193. What is f(240)?
7
Let k(u) = -u**2 + 1162*u - 94518. Determine k(88).
-6
Let q(f) = 12*f**2 - 79*f + 28. Determine q(8).
164
Let r(a) = -1089*a**3 + 32672*a**2 - 58*a - 63. Give r(30).
-3
Let a(g) = -g**2 + 2946*g + 152958. Calculate a(-51).
111
Let o(z) = -2*z**3 + 30*z**2 - 77*z - 43. What is o(3)?
-58
Let t(x) = 4*x**2 + 2402*x + 54239. Give t(-577).
1
Let p(g) = 6236*g + 24952. What is p(-4)?
8
Let v(i) = 3*i**2 - 2091*i - 14539. Calculate v(-7).
245
Let p(q) = -2*q**2 + 849*q - 83426. What is p(270)?
4
Let r(d) = -8378*d - 33469. Calculate r(-4).
43
Let k(r) = 6*r**2 + 1086*r - 20184. What is k(-198)?
12
Let r(f) = -1968140*f + 1968136. Give r(1).
-4
Let u(v) = 2169*v + 19810. Calculate u(-9).
289
Let w(f) = f**3 + 8*f**2 + 26*f + 370. Calculate w(-9).
55
Let o(b) = -b**3 - 112*b**2 - 333*b - 30. Give o(-109).
624
Let x(v) = -298139*v + 2. What is x(0)?
2
Let t(q) = -2*q**3 - 30*q**2 - 3201*q - 21638. Calculate t(-7).
-15
Let z(r) = 32*r + 2464. What is z(-56)?
672
Let b(w) = -2*w**2 + 2377*w + 125093. Determine b(1239).
-46
Let y(h) = h**2 + 739*h + 732. Give y(-1).
-6
Let b(y) = -y**2 + 16949*y - 5321279. What is b(320)?
1
Let t(f) = -17*f**3 + 2103*f**2 + 698*f - 9684. What is t(124)?
-12
Let x(w) = -10*w**2 - 948*w + 4905. What is x(-102)?
-2439
Let j(i) = -2*i**3 - 28*i**2 + 607*i + 214. Calculate j(12).
10
Let s(d) = -7*d**3 - 566*d**2 + 73*d - 530. What is s(-81)?
118
Let u(g) = -107*g**3 + 1923*g**2 + 53*g - 10. Determine u(18).
-28
Let c(i) = -i**3 - 241*i**2 - 83*i - 78519. Determine c(-242).
131
Let v(p) = -5144*p + 910491. Calculate v(177).
3
Let w(d) = -d**3 + 157*d**2 - 5704*d + 237. What is w(100)?
-163
Let z(v) = -3*v**3 - 36*v**2 + 67*v + 776. Give z(-12).
-28
Let p(c) = 2*c**3 + 19*c**2 + 18*c + 452. Determine p(-11).
-109
Let s(p) = 6363*p - 222696. Give s(35).
9
Let f(a) = 59*a**2 - 899*a - 285. Calculate f(15).
-495
Let i(u) = 5521*u - 54. What is i(0)?
-54
Let a(i) = 96*i**2 + 1519*i + 8. Calculate a(-16).
280
Let q(s) = -342*s + 97794. Determine q(286).
-18
Let h(g) = 470*g - 78700. Determine h(168).
260
Let u(b) = -4817*b - 19195. Give u(-4).
73
Let n(q) = 3738*q - 33243. Give n(10).
4137
Let k(d) = 2*d**3 + 346*d**2 - 2515*d + 906. Give k(-180).
6
Let w(d) = -27*d**2 + 8015*d + 1191. Calculate w(297).
3
Let p(k) = -9*k**2 + 673*k - 70. Determine p(76).
-906
Let i(s) = 38620*s - 115835. What is i(3)?
25
Let d(c) = -3018*c + 1723281. Give d(571).
3
Let r(w) = 3*w**2 - 194195*w - 194195. What is r(-1)?
3
Let w(r) = -1238*r - 8409. Determine w(-8).
1495
Let r(s) = -s**3 + 4*s**2 - 6108*s + 42799. Determine r(7).
-104
Let f(v) = 2665*v - 32603. Determine f(12).
-623
Let f(k) = -395*k**3 + 7*k**2 - 33*k - 36. Give f(-1).
399
Let v(u) = -318*u**3 - 7*u**2 - 16*u - 8. Determine v(-1).
319
Let i(j) = j**2 + 103*j - 2536. Calculate i(20).
-76
Let k(j) = -2*j**2 - 229*j + 4608. Calculate k(-129).
867
Let m(g) = -g**3 - 90*g**2 + 1221*g + 336. What is m(-102)?
642
Let b(s) = -22*s**2 + 2669*s + 22758. Calculate b(-8).
-2
Let i(r) = -1815*r + 90750. What is i(50)?
0
Let x(b) = 729*b - 935. Calculate x(3).
1252
Let l(a) = 27*a**2 + 822*a + 3684. Determine l(-25).
9
Let j(v) = -183957*v - 19867351. Determine j(-108).
5
Let l(w) = w**2 + 372*w - 4206. What is l(11)?
7
Let s(c) = -24344*c - 365163. Give s(-15).
-3
Let p(j) = -j**3 + 550*j**2 - 3310*j + 252. Determine p(6).
-24
Let h(k) = -11*k**3 - 197*k**2 + 28*k + 134. Determine h(-18).
-46
Let w(b) = b**3 + 58*b**2 + 194*b - 1358. What is w(-54)?
-170
Let o(j) = -2780*j + 36742. Give o(14).
-2178
Let t(u) = 736*u - 63958. What is t(87)?
74
Let l(h) = -64*h**2 - 5922*h + 17771. What is l(3)?
-571
Let q(j) = -2*j**3 + 53*j**2 + 635*j - 17754. Determine q(25).
-4
Let w(p) = 57*p**3 - 4839*p**2 - 492*p - 1529. Give w(85).
1
Let n(s) = s**3 + 10*s**2 + 25*s + 279. Give n(-18).
-2763
Let t(i) = -27*i**2 + 842*i + 2527. What is t(-3)?
-242
Let o(c) = c**3 + 208*c**2 - 416*c + 712. Determine o(-210).
-128
Let h(f) = f**3 - 80*f**2 + 1562*f - 3037. Calculate h(50).
63
Let d(n) = -n**3 - 62*n**2 + 554*n - 10. Calculate d(8).
-58
Let x(q) = 687*q + 2166. Determine x(-3).
105
Let w(z) = z**2 + 57*z - 2743. What is w(-89)?
105
Let r(h) = -2*h**3 + 65*h**2 - 892*h - 6. Determine r(14).
-5242
Let a(t) = 4*t**2 - 99*t + 2277. Give a(25).
2302
Let x(r) = 12*r**3 - 253*r**2 + 437. Calculate x(21).
-4
Let y(q) = q**3 - 77*q**2 - 141*q + 5109. Calculate y(78).
195
Let z(w) = 109*w - 23587. Give z(216).
-43
Let f(d) = d**3 + 245*d**2 - 511*d - 5918. Give f(-247).
-1719
Let w(i) = -2768*i + 2. Give w(0).
2
Let d(k) = -k**3 + 5*k**2 - 1613*k + 9684. Calculate d(6).
-30
Let c(i) = 8796*i + 38431. Calculate c(-4).
3247
Let m(b) = -2*b**2 + 112*b - 237. Determine m(38).
1131
Let l(o) = 451*o**2 + 67158*o - 6105. Determine l(-149).
4
Let y(i) = i**3 - 17*i**2 - 284*i + 5252. Determine y(16).
452
Let u(k) = -k**2 - 1017*k - 75080. Give u(-80).
-120
Let v(u) = u**3 + 41*u**2 + 178*u - 177. Determine v(-36).
-105
Let u(z) = 23*z**2 - 2593*z + 5184. What is u(2)?
90
Let j(b) = -b**3 - 41*b**2 - 149*b + 194. Give j(-36).
-922
Let f(w) = 103505*w + 828033. Calculate f(-8).
-7
Let u(h) = 550*h + 7279. Determine u(-13).
129
Let u(n) = -2949*n + 26543. What is u(9)?
2
Let x(f) = -2*f**2 - 7646*f - 518049. What is x(-69)?
3
Let l(w) = 7136*w + 363933. Give l(-51).
-3
Let s(i) = -4*i**2 + 159*i + 1926. Give s(56).
-1714
Let q(s) = 7*s**2 + 59307*s - 59304. What is q(1)?
10
Let o(u) = 13714*u - 190829. C